e prime factors of h?
13, 67
Let w be ((-18)/(-15))/(2/5). Suppose 13*y - w = 10*y. Suppose y = -f + 12. List the prime factors of f.
11
Suppose m - 20 = 5*m, 0 = -4*w - 3*m + 129. Suppose w = 3*y - 24. List the prime factors of y.
2, 5
Let u = 41 + -36. Suppose u*y - 3*f - 1072 = 0, -f - 246 = -2*y + 182. List the prime factors of y.
2, 53
Suppose 8*y = -3*g + 5*y + 5898, 3*g + 4*y = 5899. What are the prime factors of g?
3, 5, 131
Let l(k) = -k + 10. Let j be l(16). What are the prime factors of 0 + j/(-1) - 1?
5
Suppose -2*r = -0*b + 3*b - 10556, -4*b + 16 = 0. List the prime factors of r.
2, 659
Let a be (7/2)/((-7)/(-14)). Let b = 23 - a. Let u = -8 + b. What are the prime factors of u?
2
Let t(v) = 2*v**2 + 43*v + 14. List the prime factors of t(-26).
2, 31
Suppose 0 = -113*n + 110*n + 1350. List the prime factors of n.
2, 3, 5
List the prime factors of (12/8 - (-5)/(-10))*6233.
23, 271
Let n(o) = -o**2 + 9*o + 6. Let r be n(9). Let p(h) = h**3 - 6*h**2 + 5. Let g be p(r). Suppose m = 3*u - 53, -g*m = -16 - 4. List the prime factors of u.
19
Suppose 0*s - 2*s = -40. Let o = 2 - s. Let y = o - -36. What are the prime factors of y?
2, 3
Let v = 672 - 620. What are the prime factors of v?
2, 13
Let h = 277 - 509. What are the prime factors of (5/(-20))/(2/h)?
29
Let j(u) = 2*u**3 + u**2 + 6. Let b be j(0). Suppose 0 = -b*h + 735 + 549. List the prime factors of h.
2, 107
Let q = 1 + 6. Let u(i) = -i + 3. Let f(l) = l. Let g(d) = 2*f(d) + u(d). What are the prime factors of g(q)?
2, 5
Suppose -v + 6 = v. Let u(n) = -2 + 2*n**v - n**3 + 16 - n. List the prime factors of u(0).
2, 7
Let b be 9/(2/(4/3)). Let q = 7 - b. Let r = 9 + q. List the prime factors of r.
2, 5
Let r be 15/(-10)*(5/3 + 1). List the prime factors of 4 + r + 0 + 11.
11
Let n(a) = -a**3 - 12*a**2 - 16*a - 4. Let w be n(-11). Let t = -41 - -12. Let h = w + t. List the prime factors of h.
2, 11
Let s = 51 - 26. Suppose 5*b - b = -5*y - s, -3*b - 25 = 5*y. Suppose 2*t - t - 30 = b. List the prime factors of t.
2, 3, 5
Let z(k) = 5*k**3 - 3*k**2 + 8*k - 5. Let c(p) = -6*p**3 + 3*p**2 - 8*p + 5. Let l(b) = 4*c(b) + 5*z(b). List the prime factors of l(4).
43
Suppose 0 = -18*u + 15*u + 735. Suppose u = 4*y + 5*t, 4*y - 2*y = 2*t + 100. What are the prime factors of y?
5, 11
Suppose -2 = -k - 7. Let h(t) be the third derivative of -t**6/120 - t**5/20 + t**4/12 - 7*t**3/6 + 667*t**2. What are the prime factors of h(k)?
3, 11
Suppose 0*i = -5*i + 355. Let z = -24 + i. What are the prime factors of z?
47
Let c be 4/(-10)*70/(-7). Suppose -69 = -c*j - 5. List the prime factors of j.
2
Suppose 2*t = -12 - 0. Let o(p) = 4*p**2 + 15*p + 9. Let u(n) = -2*n**2 - 8*n - 5. Let c(l) = 4*o(l) + 7*u(l). What are the prime factors of c(t)?
7
Suppose -5*c + j + 59 = 0, 3*j - 63 = -2*c - 3*c. What are the prime factors of ((-1)/(-3))/(c/756)?
3, 7
Let s(y) = 469*y**3 + 5*y**2 - 3. What are the prime factors of s(2)?
3769
Let d(v) = -v**3 - 7*v**2 + 13*v + 3. Let o be 2 + 21/(-3) + -4. What are the prime factors of d(o)?
2, 3
Let v(r) = r - 19. Suppose 64 = 4*u - 12. Let x be v(u). Suppose -s + 31 + 18 = x. What are the prime factors of s?
7
Suppose 355 = p + 2*t, 0 = -4*p + 3*t - 2*t + 1384. List the prime factors of p.
347
Let m(f) = -5*f - 1. Let g be 60/(-72) + (-1)/6. Let l be m(g). Let t(w) = w**3 - 3*w**2 - 4*w + 4. List the prime factors of t(l).
2
Let f(k) = -k**2 - 8*k + 3. Let t be f(-8). Suppose -5 - 4 = -t*x. Suppose 26 + 55 = x*w. List the prime factors of w.
3
Suppose -3*y - r - 1 = r, 5 = 5*r. List the prime factors of y/(-3) + (-155)/(-3).
2, 13
Let a(v) = -17*v - 38. Let c be a(-14). Suppose 0 = 4*l - 8*l + c. List the prime factors of l.
2, 5
Let p(n) = -9*n**3 + n**2 + n + 1. Let f be p(-1). Suppose k - 3*k = -f. Let l = 4 + k. What are the prime factors of l?
3
Suppose -s + 16 = -0*s - 3*t, 2*s = -5*t + 32. Suppose -155 = -s*z + 11*z. What are the prime factors of z?
31
What are the prime factors of (-2*4/6)/((-7)/1176)?
2, 7
Suppose -s + 291 = 2*c - 6*c, 2*s + 5*c - 608 = 0. What are the prime factors of s?
13, 23
Suppose 8 = y - 5*y, 0 = 3*o - 4*y - 149. Suppose -o = -f - 3. List the prime factors of f.
2, 11
Let d = -4272 + 6033. List the prime factors of d.
3, 587
Suppose 2*f + 16 = -0*f. Let s(p) = -6*p + 9. List the prime factors of s(f).
3, 19
Let p(h) = 64*h**3 - h**2 + h + 2. Let i be p(-1). What are the prime factors of 0*(-3)/15 - i?
2
Let g be 0 + 0/(4 - 7). Let s(a) = -5 + a**3 - 2*a + 7*a**2 + a**2 + 0 + g*a. List the prime factors of s(-4).
67
Let k = -605 - -1837. List the prime factors of k.
2, 7, 11
Suppose 2*n = -5*j + 11, 0 = -n + 4*n - 2*j + 12. Let y be 8/(-4)*(-3 - n). Suppose -3*t = y*t - 140. What are the prime factors of t?
2, 7
Suppose 6*t = t - 65. Let j be ((-9)/(-3) + t)*-2. Suppose -j = h - 3*h. List the prime factors of h.
2, 5
Suppose 0 = 8*h - h. List the prime factors of h/(-1) + 55 + -13.
2, 3, 7
Let x = -7 - 0. Let d = x + 10. List the prime factors of (2/d)/(4/132).
2, 11
Let l = -14 + 18. Suppose -3*n + l + 5 = 0. Suppose 3*a + 0*w - w = 86, 0 = n*a + 3*w - 90. What are the prime factors of a?
29
Let w(d) = d**2 + 6*d - 6. Let v = -12 - -10. Let f(m) = 5*m. Let s be f(v). What are the prime factors of w(s)?
2, 17
Suppose -5*d - 96 = -4*x - 452, -2*x - 178 = 3*d. Let t = 125 + x. What are the prime factors of t?
2, 3
What are the prime factors of (5/(-10)*1660)/(-1)?
2, 5, 83
Suppose -7 = 2*x + 3. Let l(s) = s**3 + 4*s**2 - s + 3. Let q be l(x). Let o = 42 + q. List the prime factors of o.
5
Let y = -893 - -1313. What are the prime factors of y?
2, 3, 5, 7
Suppose -5*f - o - 220 = 0, 3*f + 0*o + 115 = -4*o. Let b = -32 - f. Suppose -4 = s - b. What are the prime factors of s?
3
Let t(w) be the second derivative of -1/12*w**4 + 3*w + 1/2*w**2 + 0 - 5/2*w**3. List the prime factors of t(-14).
3, 5
Suppose 353*o = 375*o - 68420. What are the prime factors of o?
2, 5, 311
Suppose 10*i - 5 = 15. Suppose 3*l = -i*x - 3*x + 502, 2*l - 322 = 3*x. List the prime factors of l.
2, 41
Suppose 3*s + 4*h + 8 = 0, 0 = s - 5*s - 4*h - 4. Suppose -2*j + 159 = -y, s*j + 4*y = -y + 353. What are the prime factors of j?
2, 41
Suppose 3*t - 27 + 15 = 0. List the prime factors of 230/t*(-48)/(-30).
2, 23
Suppose 0 = 29*l - 30*l. Suppose -5*x - 74 + 224 = l. List the prime factors of x.
2, 3, 5
Suppose 11 = -4*f + 19. What are the prime factors of (f + -26)/((-15)/20)?
2
Suppose -5*w = 4*r + r + 20, -20 = -5*w. Let a = r - -48. Let l = a - 13. List the prime factors of l.
3
Let p(s) = -4*s**2 - s + 4. Let a be p(-2). Let y(b) = -b**3 - 8*b**2 + 2*b + 14. What are the prime factors of y(a)?
2, 97
Suppose 8*z = 2392 + 1536. What are the prime factors of z?
491
Let r = 7 - 4. Suppose r*i = 6 + 117. Let h = i + -26. List the prime factors of h.
3, 5
Let b be (-342)/(-66) + -3*(-2)/(-33). Let j(h) = 7*h - 13. What are the prime factors of j(b)?
2, 11
Suppose 0 = -19*a + 10891 + 18559. What are the prime factors of a?
2, 5, 31
Suppose -37*g = -34*g - 2166. List the prime factors of g.
2, 19
Let z = -33 + 31. List the prime factors of 1950/27 - z/(-9).
2, 3
Let r = -216 + 248. List the prime factors of r.
2
Suppose 940 - 7172 = -8*n. List the prime factors of n.
19, 41
Suppose -2*k - 104 = -1208. What are the prime factors of k?
2, 3, 23
Let k = 994 + -685. Let v = -98 + k. What are the prime factors of v?
211
Suppose -313*f + 302*f = -35046. List the prime factors of f.
2, 3, 59
Suppose 244 = 2*u - 0*u - 2*k, 0 = -3*k + 12. List the prime factors of u.
2, 3, 7
Suppose -7*g - 6*g = -221. Suppose g*w = 4*w + 4108. List the prime factors of w.
2, 79
Let a(g) = -g + 12. Let r be a(10). Suppose r*q + 2*q - i = -17, 0 = q - i + 5. Let l(p) = -p + 2. What are the prime factors of l(q)?
2, 3
Let f(b) be the second derivative of 11*b**4/12 + b**3/3 - 5*b**2/2 - 7*b. What are the prime factors of f(2)?
43
Let j be 3 - ((-1)/5 - 966/(-30)). Let a = j - -44. List the prime factors of a.
3, 5
Let z = -27 - -32. Suppose 3*a = 2*o + 13, -z*o - 11 = 3*a - 31. Suppose -5*s + 24 + 41 = -5*y, 4*s - 25 = -a*y. What are the prime factors of s?
2, 5
Let n(b) = 23*b + 36. Let r be n(-5). Let i = r + 294. What are the prime factors of i?
5, 43
Let u(o) be the second derivative of 8*o**3/3 